e remainder when 6562 is divided by 3267?
28
Calculate the remainder when 80981 is divided by 35.
26
Calculate the remainder when 205940 is divided by 102953.
34
What is the remainder when 132207 is divided by 26439?
12
What is the remainder when 2032 is divided by 247?
56
What is the remainder when 5625 is divided by 19?
1
Calculate the remainder when 143 is divided by 78.
65
Calculate the remainder when 14091 is divided by 1756.
43
What is the remainder when 53122 is divided by 8851?
16
What is the remainder when 11673 is divided by 167?
150
Calculate the remainder when 29663 is divided by 14823.
17
Calculate the remainder when 13236 is divided by 2642.
26
Calculate the remainder when 174122 is divided by 503.
84
What is the remainder when 77693 is divided by 3237?
5
What is the remainder when 182532 is divided by 204?
156
Calculate the remainder when 85785 is divided by 10722.
9
What is the remainder when 16296 is divided by 81?
15
Calculate the remainder when 1002 is divided by 970.
32
What is the remainder when 141364 is divided by 289?
43
What is the remainder when 170563 is divided by 38?
19
What is the remainder when 21986 is divided by 10989?
8
Calculate the remainder when 158883 is divided by 91.
88
Calculate the remainder when 293889 is divided by 481.
479
Calculate the remainder when 2299 is divided by 250.
49
What is the remainder when 74795 is divided by 92?
91
What is the remainder when 514 is divided by 362?
152
Calculate the remainder when 73468 is divided by 93.
91
Calculate the remainder when 92213 is divided by 148.
9
Calculate the remainder when 7128 is divided by 57.
3
Calculate the remainder when 533949 is divided by 295.
294
Calculate the remainder when 1194137 is divided by 37.
36
What is the remainder when 41466 is divided by 13819?
9
What is the remainder when 6640 is divided by 59?
32
Calculate the remainder when 54206 is divided by 433.
81
Calculate the remainder when 9647057 is divided by 349.
348
Calculate the remainder when 421850 is divided by 20087.
23
Calculate the remainder when 31602 is divided by 15767.
68
Calculate the remainder when 3314 is divided by 133.
122
What is the remainder when 44402 is divided by 99?
50
Calculate the remainder when 6605661 is divided by 1027.
1024
Calculate the remainder when 26538 is divided by 8840.
18
What is the remainder when 42998 is divided by 5?
3
What is the remainder when 50557 is divided by 12638?
5
Calculate the remainder when 251242 is divided by 28.
26
Calculate the remainder when 1169085 is divided by 37.
33
Calculate the remainder when 18455 is divided by 1416.
47
What is the remainder when 196165 is divided by 8?
5
What is the remainder when 76636 is divided by 106?
104
What is the remainder when 19259 is divided by 6?
5
What is the remainder when 2694 is divided by 16?
6
Calculate the remainder when 410 is divided by 161.
88
What is the remainder when 124808 is divided by 35?
33
What is the remainder when 2219 is divided by 125?
94
What is the remainder when 10100 is divided by 306?
2
Calculate the remainder when 5000 is divided by 152.
136
Calculate the remainder when 145773 is divided by 4.
1
Calculate the remainder when 225780 is divided by 54.
6
What is the remainder when 7671 is divided by 264?
15
Calculate the remainder when 780 is divided by 216.
132
What is the remainder when 10643 is divided by 760?
3
What is the remainder when 263845 is divided by 42?
1
Calculate the remainder when 233237 is divided by 14.
11
What is the remainder when 62727 is divided by 247?
236
What is the remainder when 304736 is divided by 60928?
96
Calculate the remainder when 181270 is divided by 83.
81
What is the remainder when 129991 is divided by 12?
7
Calculate the remainder when 69941 is divided by 41.
36
Calculate the remainder when 277 is divided by 119.
39
What is the remainder when 26857 is divided by 92?
85
What is the remainder when 4331 is divided by 480?
11
What is the remainder when 271187 is divided by 339?
326
What is the remainder when 122195 is divided by 10?
5
What is the remainder when 42266 is divided by 67?
56
What is the remainder when 5467 is divided by 55?
22
What is the remainder when 8635007 is divided by 319?
315
What is the remainder when 472116 is divided by 59014?
4
Calculate the remainder when 841 is divided by 126.
85
What is the remainder when 865038 is divided by 80?
78
Calculate the remainder when 8357 is divided by 2076.
53
Calculate the remainder when 3321 is divided by 144.
9
What is the remainder when 2103 is divided by 1607?
496
What is the remainder when 19861 is divided by 3?
1
Calculate the remainder when 1559493 is divided by 219.
213
What is the remainder when 5220 is divided by 289?
18
Calculate the remainder when 516 is divided by 480.
36
Calculate the remainder when 54520 is divided by 35.
25
Calculate the remainder when 140544 is divided by 42.
12
What is the remainder when 13173 is divided by 511?
398
Calculate the remainder when 265719 is divided by 20.
19
What is the remainder when 290972 is divided by 1590?
2
Calculate the remainder when 56947 is divided by 123.
121
What is the remainder when 766735 is divided by 14?
11
Calculate the remainder when 6625 is divided by 99.
91
Calculate the remainder when 152349 is divided by 25390.
9
Calculate the remainder when 2274 is divided by 1110.
54
What is the remainder when 683678 is divided by 5?
3
What is the remainder when 3352 is divided by 1865?
1487
What is the remainder when 13703 is divided by 5?
3
What is the remainder when 11744 is divided by 255?
14
What is the remainder when 147570 is divided by 73783?
4
Calculate the remainder when 15308 is divided by 638.
634
Calculate the remainder when 889 is divided by 137.
67
What is the remainder when 27969 is divided by 9320?
9
What is the remainder when 1194 is divided by 52?
50
Calculate the remainder when 580195 is divided by 37.
35
Calculate the remainder when 272 is divided by 107.
58
What is the remainder when 1245 is divided by 524?
197
What is the remainder when 10865 is divided by 2453?
1053
Calculate the remainder when 69095 is divided by 24.
23
What is the remainder when 586865 is divided by 267?
266
What is the remainder when 114209 is divided by 162?
161
Calculate the remainder when 9903 is divided by 209.
80
Calculate the remainder when 129 is divided by 26.
25
Calculate the remainder when 17309 is divided by 859.
129
What is the remainder when 11624 is divided by 306?
302
What is the remainder when 16826 is divided by 128?
58
What is the remainder when 72015 is divided by 20?
15
Calculate the remainder when 7211 is divided by 301.
288
What is the remainder when 405593 is divided by 195?
188
Calculate the remainder when 6859 is divided by 499.
372
Calculate the remainder when 385610 is divided by 64265.
20
Calculate the remainder when 607273 is divided by 1133.
1118
Calculate the remainder when 2534442 is divided by 153.
150
What is the remainder when 1284 is divided by 43?
37
What is the remainder when 7395 is divided by 530?
505
Calculate the remainder when 1456 is divided by 1019.
437
What is the remainder when 169 is divided by 40?
9
What is the remainder when 16603 is divided by 205?
203
What is the remainder when 985 is divided by 336?
313
Calculate the remainder when 1645 is divided by 29.
21
Calculate the remainder when 8798 is divided by 44.
42
What is the remainder when 27079 is divided by 192?
7
What is the remainder when 82188 is divided by 1522?
0
What is the remainder when 20944 is divided by 6957?
73
What is the remainder when 4179 is divided by 414?
39
What is the remainder when 512 is divided by 417?
95
Calculate the remainder when 30360 is divided by 7.
1
What is the remainder when 62359 is divided by 1779?
94
Calculate the remainder when 13736 is divided by 109.
2
What is the remainder when 78843 is divided by 26271?
30
Calculate the remainder when 14105 is divided by 2290.
365
Calculate the remainder when 152629 is divided by 50866.
31
What is the remainder when 3992 is divided by 610?
332
What is the remainder when 60117 is divided by 167?
164
What is the remainder when 320934 is divided by 154?
152
What is the remainder when 24908 is divided by 479?
0
What is the remainder when 34406 is di